 Calculate w(z).
16
Let g(x) be the third derivative of x**6/60 - 19*x**5/20 + 29*x**4/24 + 2*x**3/3 + 2*x**2 - 2369*x. Calculate g(28).
32
Let f(h) = -37*h**3 + 52*h**2 - 57*h + 26. Let a(q) = 43*q**3 - 52*q**2 + 58*q - 31. Let m(j) = -6*a(j) - 7*f(j). Calculate m(51).
4
Let o(y) = -14*y**2 - 43*y - 1. Let v(x) = 76*x**2 + 213*x + 4. Let b(w) = -11*o(w) - 2*v(w). What is b(-23)?
-20
Let j = -19231 - -19256. Let w(r) = -3*r + 59. Determine w(j).
-16
Let h(k) = k**3 + 29*k**2 - 3*k - 97. Let w be h(-29). Let z(v) = v + 6. Let x be z(-8). Let a be 0/w + 2/x. Let c(y) = 6*y**2 - y. Determine c(a).
7
Suppose -5*m = -4*m. Suppose -7*k + m*k = -3*k. Suppose k = 4*o - g - g + 2, -15 = 5*g. Let d(a) = a**2 - a - 1. Determine d(o).
5
Let v(b) = -b**2 - 3*b - 5. Suppose 153 = -38*n - 37. Calculate v(n).
-15
Suppose 8*u - 40 - 80 = 0. Let a be ((-66)/u - -4)*(11 + -1). Let w be 48/(-40)*(-30)/a. Let v(b) = -b - 6. Determine v(w).
3
Let b(d) = -42*d - 288. Let j(y) = 5*y**2 - y - 13. Let i be j(-1). Determine b(i).
6
Let s(d) = d**2 - 4*d - 7. Suppose 146 = 2*x - 66. Suppose 8 + x = 19*t. Determine s(t).
5
Let z(r) = r**2 + 9*r + 10. Let x be 140/40*(-12)/(-14). Suppose 0 = 2*a - 4*v - 2, -x*v - 48 = 4*a + 2*v. What is z(a)?
-4
Suppose 0 = -5*w - 25, 5 = -4*k + 6*k + w. Let b(x) = -x + 9. Let i be b(6). Let o(a) = 150 + k*a**2 - 149 + 3*a - i*a. Determine o(-1).
6
Let k(g) = -5*g + 1. Let t(p) = -4*p. Let o(y) = -2*k(y) + 3*t(y). Suppose 2*s + 115 = -21*s. Calculate o(s).
8
Let r(q) be the third derivative of 7/6*q**3 + 0*q - 6*q**2 + 1/24*q**4 + 0. Let c = 0 - 0. Determine r(c).
7
Let m(b) be the first derivative of -b**2 + 3*b + 1094. Calculate m(-6).
15
Let z(g) = -g**3 - 16*g**2 + 10*g + 10. Let f(t) = -t**2 + 2*t + 1. Let j(x) = 5*f(x) - z(x). Suppose -4*v - 4*n - 32 = -0*n, -4*v - 3*n = 35. What is j(v)?
-5
Let z = 19 + -16. Suppose -4*d - z = 21. Let t(y) = -y**2 - 12*y - 4. Let q(l) = -3*l**2 - 35*l - 11. Let v(i) = 3*q(i) - 8*t(i). Determine v(d).
17
Let c(a) = -2*a**3 + 53*a**2 + 83*a + 30. Let q be c(28). Let m(b) = -2*b**3 - 2*b**2 - b + 3. Calculate m(q).
-23
Let l(w) = 4*w**2 - 57*w + 8. Let m(t) = -t**2 + 14*t - 2. Let o(h) = -3*l(h) - 13*m(h). Let y be (0 - -1)*33/3. Determine o(y).
2
Let k(s) = -17*s**2 + 4*s + 12. Suppose 3*i - 16 = -4*c, -2*c - 146 = -4*i - 110. Calculate k(c).
-64
Let g(w) be the second derivative of 7*w**4/3 + w**3/3 + w**2/2 - 84318*w. Let j(l) = -l**2 - 5*l - 1. Let c be j(-5). Determine g(c).
27
Let y(q) = 5*q**2 + 21*q + 6. Let l be y(-4). Let d(f) = 7*f + 0 + 12*f**l - 27*f**2 - 7 + 14*f**2. Calculate d(5).
3
Let s(n) be the third derivative of -n**8/2240 + n**6/720 - n**5/10 - 16*n**2. Let w(b) be the third derivative of s(b). Suppose 2*z = -1 + 3. What is w(z)?
-8
Let h(l) = l + 3. Let r(x) = x**2 + 5*x + 8. Let o be r(-3). Suppose 2*v + o*k + 20 = 0, -2*v + 0*k = k + 17. What is h(v)?
-4
Let r(m) = -m**3 + 2*m**2 - 2*m. Let t(p) = 7*p**3 - 2*p**2 + 22*p + 11. Let u(b) = -6*r(b) - t(b). Give u(-9).
-2
Suppose -16*l + 23 + 41 = 0. Let y be (21/(-6))/(((-16)/(-8))/l). Let b(h) = h**2 + 7*h - 5. Give b(y).
-5
Let l be ((-44)/18 - -2)/((-830)/(-7470)). Let i(o) = -2*o**2 - 3*o + 27. Calculate i(l).
7
Let z(c) = c**2 + 12*c - 2. Suppose -2*g = 2*h + 315 + 117, 2*g = 2*h - 432. Let r = -223 - g. What is z(r)?
-37
Suppose 18*f + 40 = -12*f + 10*f. Let s(a) = 14*a**2 + 3*a + 2. What is s(f)?
52
Let d(l) = -3*l - 56. Let y be d(-21). Let q(x) = -7*x**2 + 2*x + 3. Let i(v) = -8*v**2 + v + 3. Let s(p) = y*q(p) - 6*i(p). Calculate s(5).
18
Let x(h) = 2*h + 35. Let f be x(-15). Let a(p) be the third derivative of -p**5/60 + p**4/12 + p**3/2 - 48*p**2. What is a(f)?
-12
Let k(a) = -a**2 - 7*a - 16. Let b(n) = -10*n**2 + 268*n + 332. Let v be b(28). Calculate k(v).
-4
Suppose q + q + 748 = 4*g, 4*q = -5*g + 948. Let l = g + -182. Let y(f) = f - 6. Give y(l).
0
Let f(d) = 144*d + 1866. Let n(h) = 11*h + 149. Let s(y) = 2*f(y) - 27*n(y). What is s(-33)?
6
Let m(s) be the first derivative of -s**3/3 - s**2 + 2*s - 552. Suppose -4*c + 10 = c. Suppose 4*x = -c - 14. Calculate m(x).
-6
Suppose 4 = m - 1, -4*m = 2*z - 64. Suppose 3*x = 5 + z. Suppose x*t + 18 = 6*t. Let b(o) = o**3 + 5*o**2 - 7*o + 4. Calculate b(t).
10
Let r(y) = -83*y + 0*y**2 - y**2 + 14 + 0*y**2 + 35*y + 45*y. Give r(0).
14
Let f(p) = 54*p + 19. Let q(b) = 58*b + 19. Let w(z) = 6*f(z) - 5*q(z). Let t(o) = -6*o. Let v(l) = 5*t(l) + w(l). What is v(-6)?
-5
Let w(l) = -l**2 - 11*l + 17. Let g be (-225)/(-15)*(-3)/(-15). Suppose -g*k - 17 = 25. Calculate w(k).
-25
Let t(k) = k**2 + 9*k - 6. Let h = 8501 + -8507. Calculate t(h).
-24
Suppose 0 = 645*n - 639*n - 588. Suppose n*l - 83*l + 90 = 0. Let p(i) = 2*i + 1. Give p(l).
-11
Let m(z) = 7*z**2 + 21*z + 5. Let p be m(-3). Suppose -w + 0*w + n + 2 = 0, -p*n + 6 = 3*w. Let x(t) = 3*t**3 - 2*t**2 + 2*t - 1. Give x(w).
19
Let h(j) = -5*j - 3. Suppose 19*y = -6 + 120. Determine h(y).
-33
Let h(g) = -3149*g - 3147*g + 237 + 9441*g - 3162*g. Calculate h(14).
-1
Let q(c) = 26*c + 74. Let f(l) = -l**3 - 15*l**2 + 77*l + 16. Let s be f(-19). What is q(s)?
-4
Let q(w) = w**2 - 10*w - 21. Let r be q(12). Let j(m) = -4*m**3 + 3*m - 72*m**2 - 5 + 5*m**3 + 0*m**r + 66*m**2. What is j(4)?
-25
Suppose -2*m + 13 = 5*l, 31 = 7*m - 3*m + 5*l. Suppose -m = -2*w - 29. Let p(b) = b + 12. Give p(w).
2
Let g(w) = w**3 + 3*w**2 + 2*w + 2. Suppose 2*d = -8*d + 20. Suppose 2*p + l + 1 = p, -3*l = -d*p - 12. Give g(p).
-4
Let l(a) = -a**2 + 13*a - 10. Let p(c) = -c**3 - 49*c**2 + 152*c - 200. Let u be p(-52). Determine l(u).
30
Let i(a) = a**2 - 6*a - 27. Let h be (90/25)/(((-48)/(-10))/12). Give i(h).
0
Let y(l) = -l**2 - 7. Let s = -4946 - -4953. Determine y(s).
-56
Let k(c) = -9*c**2 - 5 - 7*c + 12*c - 3 + c**3. Calculate k(7).
-71
Suppose -3*n + 88 = 82. Suppose -2*m - 2*a = 2, 4*a + 22 = n*m - 0*m. Let f(k) = -20 - m*k + 50 - 15 + 2*k**3 - 14. Calculate f(2).
11
Let j(m) = 2*m + 6. Suppose 2*p = -5*x + p - 16, -4*p = -5*x - 36. Let k(y) = 20*y + 75. Let h be k(x). Calculate j(h).
-4
Let r be 4/(-1) + 60/(-4). Let t(c) be the second derivative of -c**5/20 - 19*c**4/12 + c**2 + 2*c - 211. Determine t(r).
2
Let b be (79 - -5) + 3 + -2 + 1. Let l(r) = r - 148 + 75 + b. Give l(-6).
7
Let k(s) = -473*s - 478*s - 27 - 479*s + 1908*s - 479*s. Give k(-17).
-10
Suppose 0 = 5*x + 24*c - 28*c - 132, -20 = x + 5*c. Let k(s) be the third derivative of 1/2*s**4 + 0 + x*s**2 + 1/60*s**5 + 0*s + 5/3*s**3. Determine k(-8).
-22
Let p(a) = -a**3 + 9*a**2 - 62*a + 54. Let r(s) = -5*s**3 + 37*s**2 - 247*s + 235. Let y(i) = -9*p(i) + 2*r(i). Determine y(5).
4
Let f(s) = 8*s**2 + 2*s. Suppose 0 = -18*h + 56*h + 38. What is f(h)?
6
Suppose 14*k = -3*m + 12*k - 20, -4*m - 12 = -k. Suppose 1 = 2*f - 5. Let x(j) = -2*j**3 + f*j - j**3 + 5*j**2 + 4*j**3. Give x(m).
4
Let z(k) be the second derivative of -8*k + 1 - 3/2*k**3 + 1/2*k**2. Calculate z(-1).
10
Let w(b) be the first derivative of 54*b**2 + 4*b - 9903. Calculate w(-1).
-104
Let f(d) = d**3 + 8*d**2 + 14*d + 9. Let v be f(-6). Let t be (-3)/2*1*16/v. Let c(l) = -l - 3 + 2*l + 0. What is c(t)?
5
Let i(r) = r**3 - 7*r**2 + r + 20. Let c = 8268 + -8261. Calculate i(c).
27
Let c(k) = k**2 + 9*k - 10. Let i be (((-63)/6)/(-1))/((-1)/10). Let m = i - -105. Suppose 3*y - 3*t + 36 = m, 4*t - 10 = -t. Determine c(y).
0
Let h be 42/(-231) + 18/(-22). Let r be (2 - h) + (-1 - 0). Let i(a) be the first derivative of -2*a**3/3 + 2*a**2 - 3*a + 1. What is i(r)?
-3
Let j(z) be the first derivative of z**3/6 - 3*z**2/2 + 86*z + 39. Let x(d) be the first derivative of j(d). Calculate x(3).
0
Let x(l) = l**2 - 19*l + 89. Let y(h) = -30*h**2 + 308*h - 69. Let p be y(10). Calculate x(p).
1
Let l = 73 + -38. Let o be -4 - 5/(25/(-30)). Let f(z) = -l*z**2 + 3 + 36*z**o + z - 2. What is f(-1)?
1
Let j(w) be the third derivative of w**5/12 + 5*w**4/12 - 3*w**3/2 + w**2 + 67*w. Let v(k) = 4*k**2 + 9*k - 8. Let r(i) = -5*j(i) + 6*v(i). Determine r(2).
1
Let s(f) be the first derivative of 3*f**5/40 + 50*f**3/3 - 19. Let h(v) be the third derivative of s(v). Give h(-1).
-9
Let w(p) = -p. Suppose 13 = f + b, -24 = -3*f - 5*b + 15. Let i be (f/(-13))/(1/2). Let t = i - 3. What is w(t)?
5
Suppose -11 - 1 = -4*k - 5*i, 2*i - 2 = -3*k. 